- -28 - 21.
-6
(416 - 403) + -1 + 8
20
Evaluate -4 + -11 + 45 + -31.
-1
1 + (44 - 45 - (1 - 1) - 2)
-2
What is the value of (5 - 1) + 16 + -14 + 12?
18
What is -5 + -2 + -31 - (-31 - -17)?
-24
Evaluate (-4 + -17 - -38) + -19.
-2
Calculate 4 - -1 - (-24 - -48).
-19
What is (5 + 39 - 29) + -5 + -4?
6
What is -41 - ((-1 - 30) + -5)?
-5
(-4 - (-30 + 7)) + -26
-7
Calculate (102 - 116) + (10 - 1) + -4.
-9
-1 + (-4 + 5 - -6) + (-2 - 18)
-14
Evaluate -1 + 7 + (-54 - -42) - 9.
-15
What is -2 + (-9 - 6 - -7) + 15 + -7?
-2
Calculate 9 + -33 + 7 + 5.
-12
Calculate -8 + (3 - 7 - -5) + 7.
0
What is -12 - (12 + (-13 - (2 + -9) - -2))?
-20
Calculate -1 - (2 - 15 - -16).
-4
Evaluate (32 - (28 - 16)) + -5.
15
Calculate (0 - (-3 + 4 - 3)) + (841 - 834).
9
Evaluate (-2 - 2) + 22 + (16 - 40) + 15.
9
Calculate -7 - ((-13 - 1) + -2).
9
Evaluate -17 + 17 + -13 + 15.
2
What is 4 + 18 - (3 - (-4 + -8))?
7
Calculate 0 + 14 + 1224 + -1233.
5
Calculate -31 + (-1 - -4) - (35 - 10 - 30).
-23
Evaluate -13 - (-2 + (2 - 1) + 23 + -26).
-9
11 - (13 + -10) - 2
6
Calculate (65 - 56) + (-4 + 10 - 0).
15
Evaluate 8 - 5 - 11 - (-29 - (1 - -1)).
23
What is the value of 76 - 59 - (1 + -1)?
17
What is the value of (-52 - -44) + (21 - 4)?
9
Calculate -1 + 46 + (-3162 - -3102).
-15
Evaluate 2 + 1 - (1 - (5 - 0)).
7
Evaluate 12 - (4 - (-6 - -3)).
5
What is 0 - (-1 + (3 - -1) - 12)?
9
What is 50 + -52 - (0 + -1 + (-2 - 1))?
2
What is -28 - -3 - (-33 - (8 + -25))?
-9
What is 0 - ((10 - (-5 + 3)) + -3)?
-9
Calculate 0 + (-12 + 7 - -2).
-3
Calculate 32 + -26 + (-23 - -31).
14
Evaluate 2717 - 2699 - (0 + 28).
-10
Calculate -23 - (16 - ((-5 - 1) + -52 + 64)).
-33
Evaluate -7 + 3 + (-2 - (-2 + -2)) + 19.
17
Calculate -19 + (9 - (3 - -9)) + 10.
-12
Evaluate (49 - 49) + (0 + -5 - (-3 + 0)).
-2
What is the value of -1 + 23 - 45 - 15?
-38
What is the value of (-1 - 6) + (18 - -14) + (-13 - -8)?
20
Evaluate -23 + -37 + 46 + -15.
-29
Evaluate -1 + 31 - (16 - -1).
13
Evaluate 10 + 3 + -1 + 1 + 20 + -16.
17
21 - (-5 - -4) - 27
-5
5 + 24 + -39 - -21
11
Calculate -4 + (-4 - (-10 - -3)) - 2 - -8.
5
Evaluate -20 - -11 - (-58 - -48).
1
What is -8 + (-2 + 5 - (39 + -32) - 3)?
-15
-5 - (7 + (9 + -10 - 3))
-8
What is the value of 10 - (-14 + -6 + 34)?
-4
Calculate (5 + 0 - -2) + -17.
-10
Calculate (2 - 7) + 33 + -10 + -18.
0
Calculate 9 - ((11 - 1 - 5) + -14).
18
Calculate -5 - (-6 + -9 + 10 + 5 - 22).
17
Calculate 11 + (-4 - -17) + (-37 - 7).
-20
What is the value of -1 - (17 + -10) - -21 - -1?
14
What is 14 + -5 + (3 - 4) + -1 + -4?
3
Evaluate (102 - 109) + 1 + -13 + -2 + 1.
-20
(1 - -3) + -15 - (-116 + 116)
-11
What is -11 + (3 + (10 - 2) - (-4 + 10))?
-6
Calculate (16 - 39) + 29 + -21.
-15
What is the value of 0 - (5 - 0 - 5) - (24 + -4)?
-20
-2 + -4 + 0 + -42 + 43
-5
What is 18 + 16 + (19 - (27 + -9))?
35
What is the value of -4 + 3 - (-23 + 12)?
10
What is the value of 13 + 3 - (1 + (2 - -4))?
9
Calculate 33 - (-37 + 103 + -42).
9
What is the value of 20 - 32 - (5 - 44)?
27
Calculate (-2 + 0 - -3) + -6 + 6.
1
39 + -63 + 20 + -1
-5
Evaluate 0 - (1 + -11) - (8 + (36 - 43)).
9
(-12 + 6 - 5) + 25 - 18
-4
What is the value of -2 + -1 - -5 - (-4 - (0 + 0))?
6
What is the value of -3 + 0 + 16 + -7 + 8 + -3?
11
Calculate (4 - 17) + 2 + 13.
2
What is the value of (17 + -17 - (10 + -2)) + -2 + -1?
-11
What is -1 + 3 - -8 - (37 - 28)?
1
4 + 1 + -355 + 362
12
What is -27 - -6 - (-3 - (6 + -10))?
-22
What is (83 + -121 - (-25 - -5)) + (1 - 7)?
-24
-8 - (-1 - -11 - 17)
-1
Evaluate 43 - (8 + 13 + 5).
17
Calculate -1 - 25 - (40 + 31 + -74).
-23
Calculate 2 + 3 + (-37 - -35 - (9 - 1)).
-5
1 - (10 - (-12 + 2 + 3))
-16
What is -5 + -2 + (1 - (0 + 0 + 7))?
-13
-1 + (-8 - -3) + (0 - -12) + 2
8
Calculate 0 + 0 - (-7 + -7 - -21).
-7
What is -22 + (-7 - (18 - 20) - (-1 + -8))?
-18
Calculate 3 - ((19 - 6 - 10) + 4).
-4
What is the value of -43 + (33 - 10) - -28?
8
What is the value of 11 - ((-9 - 10) + 9 - -9)?
12
What is the value of 4 + -2 + -13 + -19 + 24?
-6
What is -1 + (8 - 7) + 6 - (28 - 1)?
-21
What is 682 - 695 - (-1 + -1)?
-11
What is the value of -2 + 0 + (190 - 181) - -7?
14
What is -5 - (1 - (37 - 19))?
12
Evaluate (-11 - (5 - (7 - -7))) + -9 + 0.
-11
Calculate (-10 - -15) + 3 + 0 + 5 - -1.
14
Evaluate (16 + 3 - 5 - 5) + -5.
4
2 + -3 - (231 - 232)
0
17 - -5 - (-3 + 21 + -6)
10
What is the value of (11 - 21 - 10) + 55?
35
Evaluate -43 + 20 + 6 - -17.
0
What is the value of (383 - 393) + 1 + -2 + 28 + 0?
17
What is the value of (-4 - -5) + -6 + -5 - (2 + 1)?
-13
Calculate 11 + (0 - 9) + (0 - -1 - 0).
3
4 + -10 + 3 + -3 + 7 + -6
-5
What is the value of (-10 - (-7 + (2 - -1))) + 15?
9
Calculate (-24 - (38 - 81)) + 8 + 0.
27
Calculate 4 + (2 - -1) - (34 + -13).
-14
Evaluate -4 - 1 - (69 + -64).
-10
What is the value of -29 - -39 - (-1 + 24) - (4 + -3)?
-14
Calculate (21 - (5 + -5)) + 3 + -1 + 2.
25
-20 + -2 + (5 - 5 - -8 - 15)
-29
What is the value of 23 - (-35 - -55) - (26 - 4)?
-19
What is the value of (-1 - -1 - 21) + -19 + 28 - 3?
-15
Calculate 29 - (11 + (-9 - (1 + 6))).
34
Calculate -6 - (12 + 6 + -7 - 5).
-12
Calculate -5 - (-17 - -21 - -12).
-21
Evaluate 15 - (15 + 8 + -10).
2
Evaluate -4 - ((4 + -6 - -5 - 12) + -3).
8
Calculate -45 + 166 + -168 + 22 + -2.
-27
What is the value of (-50 - (16 + -60)) + (16 + 2 - -1)?
13
Evaluate 4 - ((-4 - (27 - 18)) + (2 - 5)).
20
10 + -1 + -12 + (-18 - -7)
-14
Calculate 4 + (36 + -40 - (-5 + 4) - 3).
-2
20 + -5 + -18 - 14
-17
What is (-1 - 8) + (8 - 21) + -6 + 27?
-1
What is (2 - 8) + -56 + 51?
-11
What is -14 + (11 - (4 + -2)) + -5?
-10
Evaluate 73 + -21 + (0 - 35).
17
Evaluate (1 - -18) + -131 + 122.
10
Calculate -1 + (0 - 23) - (-28 - (-55 + 34)).
-17
What is the value of 6 + -1 + 4 + 4 + -4?
9
What is the value of (12 - 20 - -9 - -3) + 3?
7
Calculate (54 + -35 - 29) + -16.
-26
(-11 - (-32 - (-5 - 5))) + -25
-14
Calculate -2 - (2 + -2) - (-6 + -23 + 16).
11
What is 2 - -1 - (-6 + 7 + 6 + 4)?
-8
Evaluate -79 + 68 + (3 - 5) + 0.
-13
What is the value of 25 + (28 + -60 - -29) + 1 + 4?
27
What is the value of 10 + (-46 - (-3 - 11)) + 10?
-12
What is -7 + ((-1 - 2) + 8 - -9) + -37?
-30
Evaluate (20 - 12) + -45 + 24.
-13
Calculate 8 - (-19 - -28 - (-4 - 0)).
-5
What is 8 + (-11 - (-11 + 11))?
-3
Evaluate 33 + (14 - 18 - 13) + 17.
33
16 - -4 - 2 - (11 - 5)
12
(14 - 0) + (38 - 41 - -6)
17
Evaluate -3 - ((1 - 6) + (5 - 7)) - 5.
-1
Evaluate 4 + -9 + (13 - (3 - 3)).
8
-4 - (-17 - (16 - 21))
8
-8 - (15 + -4) - 13 - (-10 - -1)
-23
0 + 18 + -2 + (-31 - (-50 + 15))
20
Calculate -6 + (21 - (10 - 13)) - -4.
22
Calculate -9 + (-12 - (-1 - 9 - 3)) - -7.
-1
Calculate -1 - (-3 - (-27 + 27 - (-9 + -1))).
12
What is the value of 8 - ((-4 - 2) + 6 + -10)?
18
Evaluate 2 + -16 + (100 - 90).
-4
Evaluate -3 - (-2 - 13 - -10).
2
-1 - (15 - 24 - (1 + -10))
-1
What is the value of 7 + -13 + (5 - -3) + -13?
-11
Calculate 70 - 81 - (-10 + 4 - 20).
15
6 + -2 - (12 + -29 + 12)
9
Evaluate 1 - (-5 - (-8 + -3 + 8)).
3
What is -1 + 4 - (1 + -6 - (9 - 4))?
13
What is (1 - 18) + (127 - 117)?
-7
What is the value of (6 - -1) + (-3 - -49) + -23?
30
Calculate -3 + -2 - -6 - (-10 + 5) - -5.
11
15 + (17 - (-32 - -88))
-24
What is 10 - ((16 - 11) + 9) - -30?
26
Evaluate (1 - 17) + (-5 - -10) + 13 + -15.
-13
Calculate -24 - (-29 - (-33 - -15)).
-13
What is 8 - (-4 - (-2 - 5) - (3 + -27))?
-19
Calculate -6 + 3 + -1 + 1 - (18 - 19).
-2
(9 - (10 + -9)) + -8
0
Evaluate 0 + -15 + -1 + (5 - 5 - -8).
-8
What is -26 - (-22 + 0 - -8)?
-12
What is (-2 - 10) + 6 + 8 + (4 - -6)?
12
-2 + (1 - -13) + -7 + 13 + -5
13
What is -17 - (8 + -2 + -13)?
-10
What is the value of 2 - (8 + 0 + 82 + -89)?
1
What is 36 - (-15 - -8 - -23)?
20
Evaluate 16 - (3 + -31 + 30).
14
Evaluate 6 + -3 + -14 - (7 + -15).
-3
Evaluate -5 - (17 - (-2 + 6 + -3 + 5)).
-16
What is (6 + 1 - -7) + 1 + -12?
3
What is -17 + -36 + 32 - (-1 - (5 + 0))?
-15
Calculate 5 + (-44 + 17 - -13).
-9
What is 2 + 6 + 1 + (-815 - -793)?
-13
Calculate -12 - -21 - ((32 + 0 - 5) + 7).
-25
Evaluate (-24 + 20 - 13) + (7 - 1) + 3.
-8
What is -5 + -8 + 3 + -4 + 29?
15
Evaluate -18 - ((12 - 37) + 15) - 22.
-30
What is the value of -10 + 28 + -39 - 4?
-25
What is -7 + (11 - (15 + -5 + -11))?
5
Calculate 2 - (5 + 7 + 3 + -7).
-6
Evaluate (17 - (-4 + 19)) + 5 + 0 - 20.
-13
What is (6 + -12 - 